e factors of 841215100?
2, 5, 11, 71, 10771
List the prime factors of 231148404.
2, 3, 26423
List the prime factors of 3557270009.
17, 209251177
What are the prime factors of 16760212?
2, 7, 31, 19309
What are the prime factors of 101990018?
2, 13, 1279, 3067
List the prime factors of 500914198.
2, 250457099
List the prime factors of 1086513793.
16661, 65213
List the prime factors of 63845363.
63845363
List the prime factors of 1280089576.
2, 223, 717539
List the prime factors of 272542081.
7, 601, 64783
What are the prime factors of 503404728?
2, 3, 109, 199, 967
What are the prime factors of 43245042?
2, 3, 17, 293, 1447
What are the prime factors of 127587047?
7, 3583, 5087
What are the prime factors of 68989985?
5, 29, 475793
What are the prime factors of 638331294?
2, 3, 106388549
What are the prime factors of 1809979424?
2, 11, 5141987
List the prime factors of 1772749707.
3, 12829, 46061
What are the prime factors of 2300850951?
3, 7, 109564331
List the prime factors of 30732681.
3, 7, 37, 1069
List the prime factors of 178537525.
5, 31, 107, 2153
List the prime factors of 80553484.
2, 11, 331, 5531
What are the prime factors of 118410971?
7, 3691, 4583
What are the prime factors of 1093942095?
3, 5, 17, 4289969
List the prime factors of 1414014389.
17, 83177317
List the prime factors of 88549137.
3, 709, 13877
What are the prime factors of 1544321024?
2, 103, 7321
What are the prime factors of 4798716?
2, 3, 13, 19, 1619
List the prime factors of 850182793.
2693, 315701
List the prime factors of 658965841.
43, 15324787
What are the prime factors of 719079156?
2, 3, 41, 197, 2473
What are the prime factors of 1417341449?
79, 83, 216157
What are the prime factors of 3837646108?
2, 191, 5023097
List the prime factors of 414999980.
2, 5, 397, 52267
What are the prime factors of 14434185?
3, 5, 127, 7577
What are the prime factors of 409524290?
2, 5, 7, 19, 367, 839
What are the prime factors of 404532787?
83, 211, 23099
List the prime factors of 4165777062.
2, 3, 241, 960299
What are the prime factors of 5006364920?
2, 5, 23, 37, 147073
List the prime factors of 128242586.
2, 4447, 14419
What are the prime factors of 677395855?
5, 17, 7969363
List the prime factors of 31285033.
13, 47, 51203
List the prime factors of 159568957.
3329, 47933
List the prime factors of 32127486.
2, 3, 5354581
What are the prime factors of 663244877?
29, 3413, 6701
What are the prime factors of 446957968?
2, 47, 594359
What are the prime factors of 1276005184?
2, 71, 280811
List the prime factors of 6360434.
2, 233, 13649
List the prime factors of 2920939138.
2, 13, 41, 2740093
List the prime factors of 20590507.
7, 43, 67, 1021
List the prime factors of 872482665.
3, 5, 41, 199, 7129
List the prime factors of 520493816.
2, 7321, 8887
List the prime factors of 927749480.
2, 5, 7, 19, 174389
What are the prime factors of 969063765?
3, 5, 7309, 8839
List the prime factors of 261138712.
2, 109, 299471
What are the prime factors of 238790921?
238790921
What are the prime factors of 5554881341?
43, 281, 379, 1213
What are the prime factors of 138278065?
5, 37, 747449
What are the prime factors of 73402701?
3, 24467567
What are the prime factors of 57626835?
3, 5, 7, 548827
What are the prime factors of 243205591?
243205591
List the prime factors of 135378421.
379, 357199
What are the prime factors of 1713418388?
2, 11, 89, 437543
List the prime factors of 5819539.
11, 529049
List the prime factors of 290243833.
11, 59, 447217
List the prime factors of 36191530.
2, 5, 743, 4871
What are the prime factors of 2511291878?
2, 359, 373, 9377
What are the prime factors of 38050126?
2, 19025063
List the prime factors of 15483831.
3, 11, 469207
List the prime factors of 5309455585.
5, 7, 23, 6595597
What are the prime factors of 2488258748?
2, 433, 1436639
List the prime factors of 380144906.
2, 59, 3221567
What are the prime factors of 25538598?
2, 3, 472937
What are the prime factors of 109780463?
13, 601, 14051
What are the prime factors of 111167649?
3, 251, 49211
What are the prime factors of 488813130?
2, 3, 5, 13, 61, 761
List the prime factors of 1140803280.
2, 3, 5, 103, 15383
What are the prime factors of 181994525?
5, 677, 10753
What are the prime factors of 20867657?
1103, 18919
List the prime factors of 976989690.
2, 3, 5, 19, 571339
What are the prime factors of 931342508?
2, 232835627
List the prime factors of 2415797859.
3, 41, 19640633
List the prime factors of 157049482.
2, 1979, 39679
What are the prime factors of 334027703?
139, 2403077
List the prime factors of 3020230.
2, 5, 149, 2027
What are the prime factors of 65575684?
2, 2741, 5981
List the prime factors of 5082517858.
2, 11, 8069, 28631
List the prime factors of 104147729.
7, 17, 29, 103, 293
List the prime factors of 41809493.
11, 345533
What are the prime factors of 49811309?
17, 131, 22367
What are the prime factors of 40220227?
233, 172619
What are the prime factors of 41738265?
3, 5, 927517
List the prime factors of 464294809.
11, 42208619
What are the prime factors of 113121469?
37, 191, 16007
What are the prime factors of 32011257?
3, 19, 433, 1297
What are the prime factors of 2030879428?
2, 103, 1667, 2957
List the prime factors of 3631996578.
2, 3, 7, 86476109
What are the prime factors of 105043754?
2, 43, 151, 8089
List the prime factors of 40915361.
131, 312331
List the prime factors of 7123812732.
2, 3, 65961229
What are the prime factors of 127622441?
541, 235901
What are the prime factors of 282169480?
2, 5, 2137, 3301
List the prime factors of 26011627.
19, 1369033
List the prime factors of 5333381227.
109, 1759, 27817
List the prime factors of 1205834135.
5, 11, 859, 25523
What are the prime factors of 164076256?
2, 853, 6011
What are the prime factors of 8546049743?
7, 11, 593, 187163
List the prime factors of 1797771174.
2, 3, 197, 199, 7643
List the prime factors of 14620667.
14620667
What are the prime factors of 109860409?
17, 6462377
What are the prime factors of 54250172?
2, 109, 124427
What are the prime factors of 81080510?
2, 5, 7, 1158293
What are the prime factors of 81645918?
2, 3, 13607653
List the prime factors of 454626692.
2, 13, 8742821
List the prime factors of 3003821711.
11, 29, 349, 26981
What are the prime factors of 2234005502?
2, 23, 48565337
List the prime factors of 547185182.
2, 273592591
What are the prime factors of 110138002?
2, 13, 17, 249181
List the prime factors of 12173657.
12173657
List the prime factors of 23745545.
5, 23, 206483
List the prime factors of 262035168.
2, 3, 2729533
List the prime factors of 77644730.
2, 5, 2161, 3593
What are the prime factors of 708694610?
2, 5, 13, 43, 97, 1307
What are the prime factors of 3322064136?
2, 3, 7109, 19471
List the prime factors of 65516859.
3, 461, 15791
What are the prime factors of 388848496?
2, 191, 127241
List the prime factors of 422270656.
2, 859, 7681
List the prime factors of 448960194.
2, 3, 29, 860077
List the prime factors of 788941676.
2, 23, 37, 53, 4373
List the prime factors of 137083422.
2, 3, 7, 277, 11783
List the prime factors of 44657687.
44657687
What are the prime factors of 52618858?
2, 419, 62791
List the prime factors of 1612213570.
2, 5, 11, 307, 47741
List the prime factors of 316314284.
2, 11, 13, 97, 5701
What are the prime factors of 1435905270?
2, 3, 5, 3677, 4339
List the prime factors of 10068565.
5, 13, 191, 811
What are the prime factors of 12807731?
167, 271, 283
What are the prime factors of 1220821696?
2, 19075339
List the prime factors of 1699700608.
2, 13278911
What are the prime factors of 20389099?
89, 193, 1187
What are the prime factors of 322100996?
2, 7, 19, 593, 1021
What are the prime factors of 1406017368?
2, 3, 7, 17, 197
What are the prime factors of 396563353?
223, 1093, 1627
What are the prime factors of 2058711974?
2, 11, 93577817
List the prime factors of 6490413842.
2, 11, 295018811
List the prime factors of 774076.
2, 431, 449
What are the prime factors of 2023634942?
2, 7, 144545353
List the prime factors of 70802535.
3, 5, 17, 277657
What are the prime factors of 225200459?
11, 20472769
List the prime factors of 972320475.
3, 5, 7, 264577
List the prime factors of 172974852.
2, 3, 37, 47, 307
List the prime factors of 26674350.
2,